(i) = i**3 - 55*i**2 + 92*i - 61. Is a(54) prime?
False
Let c = -18908 + 34387. Is c composite?
True
Let y(i) be the second derivative of -32*i**3/3 + 3*i**2/2 - 11*i. Is y(-2) composite?
False
Let u(s) = 20*s**2 + 3*s + 2. Let i be u(-6). Let j be (2/1 + -405)/(-1) - 2. Let o = i - j. Is o a prime number?
False
Suppose 3*z - 882 = 1488. Suppose z = -p + 6*p. Is p a composite number?
True
Suppose 5*j - 2*s - s = 58452, 0 = -3*j - 2*s + 35056. Is j/(-8)*1/(-3) composite?
False
Let p(w) = 494*w + 313. Is p(9) prime?
True
Let b = -44858 - -81439. Is b a prime number?
False
Suppose 15 = -11*d + 6*d. Let c(h) = 16*h**2 - 1. Let r be c(d). Let m = r - -124. Is m composite?
True
Suppose -4*b = -2*v + 1535 + 223, 3*v - 2637 = -2*b. Suppose 3*u - v = -0*u. Is u composite?
False
Let h(v) = 4*v**2 + 3*v + 2. Let a be h(-2). Suppose 0 = -s + 4*s - 3555. Suppose -a*p - s = -17*p. Is p composite?
True
Let c = -134 + 198. Let v = 108 + c. Suppose 4*h = 5*l + 763, v = h + 6*l - l. Is h composite?
True
Suppose 4*q - c = 12986, -3*q - c + 9415 = -328. Is q a composite number?
True
Let x(d) = 260*d**2 + 2*d + 1. Suppose -9 - 11 = -5*g. Suppose 2*o = 3*s - 14, -3*o - o + g*s - 20 = 0. Is x(o) prime?
False
Let u be 0/((-3)/(0 - 3)) - -8240. Suppose -t = -4*f + 2767 + 3830, -5*t = 5*f - u. Is f a prime number?
False
Let w(j) = 718*j**2 - 3*j - 2. Let v = -64 - -28. Let n = v + 35. Is w(n) prime?
True
Let b = 80707 + -40256. Is b composite?
True
Let k(n) = -182*n - 3. Let p be k(-1). Suppose -q + o = -28 - 66, p = 2*q - 5*o. Is q prime?
True
Let v(o) = 6*o**3 - 2*o + 1. Let g be v(1). Suppose 2*c + 3*c = -g*j + 50, -3*j = 5*c - 40. Suppose 0*u - c*u = -235. Is u composite?
False
Suppose 102*u - 84*u = 22878. Is u composite?
True
Suppose 16320 = 35*f - 30*f. Let h = f + -746. Is h a composite number?
True
Suppose s - 16 + 13 = 0. Suppose 0 = s*b - 9 + 3. Suppose 3*m = b*y - 1250, -3*m = y - 0*m - 643. Is y prime?
True
Suppose 63*g + 24299 = 74*g. Is g a prime number?
False
Let o = -801 - -1434. Is o a prime number?
False
Suppose 5*c = 7*c. Suppose -2*w - 4*r = -802, -r + c = -2. Is w a composite number?
False
Suppose 4*g - 5*u + 558 = 0, -129 = g + 3*u + u. Let p = -84 - g. Is p a composite number?
False
Let f be (-203 - 3/(-1)) + (0 - 0). Let y = f - -579. Is y prime?
True
Suppose 3 - 9 = -3*q. Suppose 3*k - 120 = c + q*k, -k = -3*c - 360. Is (-2)/2 + 0 - c prime?
False
Let w be (-3 + 1)/((-26)/(-923)). Let h = 140 - w. Is h prime?
True
Suppose -5*r = -4*b + 190, 4*b + b + 2*r = 221. Let n = 37 + b. Is n prime?
False
Let w = 6576 + -4182. Suppose -2*m + 3*y - y + w = 0, -4*y + 1202 = m. Is m a composite number?
True
Let j be (-60)/8*6/(-9). Suppose 4*m = -5*y + 1247, -j*y + 238 = 5*m - 1007. Is y composite?
False
Let f(w) = 11*w**2 + 12*w - 5. Let t(s) = 2*s + 20. Let i be t(-13). Is f(i) prime?
False
Suppose 0 = 7*j - 3*j + 5*r - 1708, 5*j + 4*r - 2135 = 0. Is j prime?
False
Let l(v) = -5*v**3 - v - 1. Let r be l(-1). Suppose -2*o - 3*o + r = 0. Suppose -6 - o = -b + 3*u, u - 21 = -3*b. Is b a prime number?
True
Suppose -16 = -4*m, -6*m + m - 67 = -j. Is j composite?
True
Let z(s) = -3381*s - 215. Is z(-4) prime?
True
Suppose 0 = k - m + 165 - 46, 0 = -3*k + 5*m - 355. Let c = 59 - k. Is c a prime number?
True
Let f(t) = 163*t + 64. Let l be (42/(-12) - -4)*18. Is f(l) a prime number?
True
Suppose -5*j - 4*m = -153827, 0 = j - 5*m - 3068 - 27709. Is j a composite number?
True
Let s be 12/(-8) - -4 - (-3)/2. Suppose -4*w + 3011 + 705 = s*f, -w - 2*f + 925 = 0. Is w prime?
False
Suppose -3*z = 2*r - 16510, -2*z - 5*r + 400 = -10625. Suppose -10*d + 2*u + 2742 = -8*d, 4*d = -4*u + z. Is d a composite number?
False
Suppose -2*d = -4*o + 1354, o = -d + 339 + 1. Is o composite?
True
Let l = 9 - 1. Suppose 3*v - 1215 = l*v. Is 4/(-8)*(v + 1) a prime number?
False
Let a be (1/3)/(1/117). Let x = a + -31. Let q(b) = b**2 + 3*b + 9. Is q(x) composite?
False
Suppose -3953 = -14*i + 22661. Is i a prime number?
True
Let w = -21 + 32. Is 5/((2/w)/2) prime?
False
Let a(j) = j. Let k(i) = -i**3 - i**2 + 12*i - 11. Let q(x) = -5*a(x) + k(x). Is q(-6) composite?
False
Let a = 1884 + -635. Is a a prime number?
True
Is (6 + -51)/(-5) - -2362 a prime number?
True
Let y(a) = a + 55. Let m(k) = -k - 8. Let i be m(-8). Is y(i) a composite number?
True
Let t(o) = 2*o**2 + o + 7. Suppose -4*b + 33 - 5 = -4*j, 0 = -b - 5*j + 1. Is t(b) a prime number?
False
Let o = 1269 - -1158. Is o a prime number?
False
Suppose -2*d - 4763 = -p, -5*d = p - 6126 + 1384. Is p composite?
True
Let p(g) = g**2 - 2. Let k be p(4). Let b(a) = -a**3 + 14*a**2 + 10*a + 9. Is b(k) prime?
True
Suppose 0 = r - 1475 - 810. Is r a composite number?
True
Let p(x) = -6*x**3 + 12*x**2 + 2*x - 18. Let f be p(12). Is ((-2)/(-3))/((-4)/f) composite?
False
Let h(u) = 130*u**2 - 14*u + 12. Let d be h(-13). Is d/14 + 5/(-35) prime?
True
Let c(j) be the third derivative of 0*j + 3*j**2 - 9/20*j**6 + 0*j**5 + 0 + 1/12*j**4 + 1/6*j**3. Is c(-1) composite?
False
Let n(v) = v**3 + 11*v**2 - 12. Let u be n(-12). Let i = -13 - u. Is i prime?
False
Let q be 57*((-17)/(-3) + 2). Let j = q - 305. Let u = j - -67. Is u a composite number?
False
Let w(k) = -593*k - 20. Let p be w(-6). Suppose p + 4519 = 7*c. Is c composite?
False
Suppose 1100 = 9*t - 4*t. Suppose -3*h = -t - 773. Is h a composite number?
False
Let q = 831 - 449. Suppose 3*t + q = 1402. Suppose -250 - t = -2*y + 4*j, -1180 = -4*y - 5*j. Is y prime?
False
Let a(r) = 10 - 5 + 6 + r + 3. Let x be a(6). Is 5872/x + 9/(-15) a composite number?
False
Let m = 345 + -87. Suppose -2*w + 0*f = -4*f - m, -f = -1. Is w a prime number?
True
Suppose 17*z - 15*z - 2 = 0, -5*c + 5*z + 4040 = 0. Is c a composite number?
False
Suppose 0 = -30*s - 281461 + 1670851. Is s composite?
True
Let t(o) be the third derivative of o**4/24 + 5*o**3/6 - 3*o**2. Let s be t(-5). Suppose -2*n - 2*j + 60 = s, 0 = -n + 7*j - 2*j + 48. Is n prime?
False
Suppose 24*d = 19*d + 10. Is (3*-1 - (d + -1)) + 1217 composite?
False
Suppose 5*x - 3*x - 3474 = 0. Suppose 420 = 3*f - x. Is f composite?
False
Let v(t) = -2*t - 1. Let k be v(0). Let i be 0 + -1 + 6 + k. Suppose -f = 4 - 0, 60 = 4*b + i*f. Is b composite?
False
Let g = 65 + -54. Suppose -14*i + g*i = -177. Is i prime?
True
Let q = -57 - -57. Suppose 3*w - 4083 = -q*w. Is w composite?
False
Let o(x) = 48*x**2 - 4. Let g be o(2). Let w = g - 97. Is w a prime number?
False
Suppose -2*f + 983 = -771. Is f prime?
True
Let w(a) = -a**3 - 5*a**2 + 6*a - 3. Let z be w(-6). Let b be (9/(-2) - 0)/(1/6). Is (-211)/z + (-18)/b prime?
True
Suppose 12*b - 9 = 11*b + 2*f, -2*b - f = -3. Suppose -4*o = -5*o + 5. Suppose b*v = v - 2*l + 516, o*l - 784 = -3*v. Is v a composite number?
True
Let r = -35 - -39. Is 109*(-1)/(-5 + r) a prime number?
True
Let g(a) = -21572*a + 19. Is g(-2) a composite number?
True
Let d(n) = 3*n**3 + 5*n**2 - 7*n + 14. Is d(5) a prime number?
True
Suppose 2*p - 412 - 2142 = 0. Is p a prime number?
True
Suppose -2*t - 13 = 5*u, -2*u = t + 3*u + 19. Suppose t*g - 350 = g. Suppose -g = -r + 327. Is r a composite number?
False
Is ((-6)/(-2))/(-3)*(-16873 - 6) prime?
True
Let w(g) = -g**3 + 9*g**2 - 5*g - 4. Suppose -h + 3*q = -18 - 17, 3*q + 95 = 4*h. Let x be 1 + (h + -2)/3. Is w(x) a composite number?
False
Suppose -8 = -4*p - 0*p. Suppose -5*i = 3*a - 45, p*a - 11 - 3 = 2*i. Is (a - -169)*(0 - -1) a composite number?
False
Let r = -435 - -820. Suppose h = 6*h - r. Is h a composite number?
True
Let n = -284 - 830. Is n/3*21/(-14) a composite number?
False
Suppose -4*h + 2 = 3*b - 25, -4*b - h + 23 = 0. Suppose -b*t = -185 - 110. Is t a composite number?
False
Let b = 106 + -288. Let y = -321 - b. Let d = -26 - y. Is d a composite number?
False
Let i(x) = -191*x - 3. Let t be i(-6). Let s = t - 464. Is s a prime number?
False
Let g = -5834 - -25207. Is g a composite number?
False
Let n(a) be the second derivative of -a**3/3 - 11*a**2/2 - 7*a. Let i be n(-8). Suppose -3*t - 3*d = 2*t - 652, i*d - 388 = -3*t. Is t a composite number?
False
Let n = 280 + 2481. Is n a prime number?
False
Suppose -g + 2385 = -5*h + 3*g, 0 = g + 5. Let b = h - -1114. Is b a prime number?
False
Suppose 2*v - o = 3*v - 21701, -2*v + 43404 = o. Is v prime?
False
Suppose -4